{"id":71,"date":"2018-12-18T05:59:47","date_gmt":"2018-12-18T05:59:47","guid":{"rendered":"https:\/\/fluentthemes.com\/wp\/appeasy\/app-demo-one\/?page_id=71"},"modified":"2019-07-23T10:29:54","modified_gmt":"2019-07-23T08:29:54","slug":"home","status":"publish","type":"page","link":"https:\/\/vazenievozidiel.sk\/","title":{"rendered":"Home"},"content":{"rendered":"<p>[vc_row full_width=&#8221;stretch_row_content_no_spaces&#8221; css=&#8221;.vc_custom_1545214084079{background-position: center !important;background-repeat: no-repeat !important;background-size: contain !important;}&#8221; el_id=&#8221;home&#8221;][vc_column]<!-- Start Header Section-->\n\t<div style=\"background-image:url(https:\/\/vazenievozidiel.sk\/wp-content\/uploads\/2018\/12\/slice-header-min.png);background-size: contain;background-position: top;background-repeat: no-repeat;\" class=\"macdb dif-mobile-bg\">\n        <header class=\"header macdb header-section-one\"  >\n            <div class=\"container\">\n                <div class=\"row header-row\">\n                    <!-- Main title -->\n                    <div class=\"col-sm-12 col-md-6 align-self-center main-title\">\n\t\t\t\t\t\t\n\t\t\t\t\t\n                        <h1 class=\"heading2 sm-white\"><span class='thin'><\/span>Digit<span class='thin'><\/span>\u00e1<span class='thin'><\/span>lne<span class='thin'><\/span> <span class='thin'><\/span>certifikovan<span class='thin'><\/span>\u00e9 <span class='thin'><\/span>v<span class='thin'><\/span>\u00e1\u017e<span class='thin'><\/span>enie<span class='thin'><\/span> <span class='thin'><\/span>vozidiel<span class='thin'><\/span> <span class='thin'><\/span>Nov<span class='thin'><\/span>\u00e9 <span class='thin'><\/span>Mesto<span class='thin'><\/span> <span class='thin'><\/span>nad<span class='thin'><\/span> <span class='thin'><\/span>V<span class='thin'><\/span>\u00e1<span class='thin'><\/span>hom<span class='thin'><\/span><\/h1>\n\t\t\t\t\t\t\n\t\t\t\t\t\n                        <!-- Buttons -->\n                        <a href=\"#features\">\n                            <div class=\"button bg-color-1\">Viac inform\u00e1ci\u00ed<\/div>\n                        <\/a>\n\t\t\t\t\t\t\n\t\t\t\t\t\t\t\n                    <\/div>\n                    <!-- Main title end -->\n\t\t\t\t\t\t\t\t\t\t\n                    <!-- Phone -->\n                    <div class=\"col-12 col-md-6 align-self-center header-phone\">\n                        <img class=\"jump\" src=\"https:\/\/vazenievozidiel.sk\/wp-content\/uploads\/2019\/07\/DFWXP_2016.png\" alt=\"\">\n                    <\/div>\n                    <!-- Phone end -->\n\t\t\t\t\t\t\t\n\t\t\t\t\t\t\t\t\t\t\t\n                <\/div>\n\t\t\t\t\t\t\t\t\n                <!-- Tooltip -->\n                <div class=\"header-tooltip\"><i class=\"fas scroll-arrow bounce fa-angle-double-down\"><\/i>\n                    <p class=\"light thin small sm-white heading3\" >Viac inform\u00e1ci\u00ed<\/p>\n                <\/div>\n                <!-- Tooltip end -->\n\t\t\t\t\t\t\t\t\n            <\/div>\n        <\/header>\n        <!-- End Header end -->\n\t\t<!-- How it works -->\n        <section  class=\"hiw p-90-35 macdb\">\n            <div class=\"line\"><\/div>\n            <div class=\"container\">\n                <!-- Section title -->\n                <div class=\"section-title sm-ac mb-70\">\n                    <p class=\"light bold small sec2_heading1\"><\/p>\n                    <h2 class=\"sec2_heading2\"><span class='thin'>Ako to<\/span> funguje?<\/h2>\n                    <p class=\"light thin sec2_heading3\"><\/p>\n                <\/div>\n                <!-- Section title end -->\n                <div class=\"row\">\n\t\t\t\t\n\t\t\t\t\n                    <!-- Item 1 -->\n                    <div class=\"col-6 col-sm-6 col-md-3 hiw-item mb-30\">\n                        <div class=\"bg-color-2 puls mb-30 fbox_step_number\" style=\"animation-delay: 0s\">1<\/div>\n                        <p class=\"bold fbox_title\">Pr\u00edchod<\/p>\n                        <p class=\"light thin fbox_desc\">Pr\u00edjazd V\u00e1\u0161ho vozidla do are\u00e1lu Milex NM<\/p>\n                    <\/div>\n\t\t\t\t\n\t\t\t\t\n                    <!-- Item 2 -->\n                    <div class=\"col-6 col-sm-6 col-md-3 hiw-item mb-30\">\n                        <div class=\"bg-color-2 puls mb-30 fbox_step_number\" style=\"animation-delay: .75s\">2<\/div>\n                        <p class=\"bold fbox_title\">V\u00e1\u017eenie<\/p>\n                        <p class=\"light thin fbox_desc\">Va\u0161e vozidlo zaparkujete na v\u00e1hu pri vstupe<\/p>\n                    <\/div>\n\t\t\t\t\n\t\t\t\t\n                    <!-- Item 3 -->\n                    <div class=\"col-6 col-sm-6 col-md-3 hiw-item mb-30\">\n                        <div class=\"bg-color-2 puls mb-30 fbox_step_number\" style=\"animation-delay: 1.5s\">3<\/div>\n                        <p class=\"bold fbox_title\">V\u00e1\u017eny list<\/p>\n                        <p class=\"light thin fbox_desc\">Po v\u00e1\u017een\u00ed obdr\u017e\u00edte certifikovan\u00fd v\u00e1\u017eny list<\/p>\n                    <\/div>\n\t\t\t\t\t\n\t\t\t\t\t\n                    <!-- Item 4 -->\n                    <div class=\"col-6 col-sm-6 col-md-3 hiw-item mb-30\">\n                        <div class=\"bg-color-2 puls mb-30 fbox_step_number\" style=\"animation-delay: 2.25s\">4<\/div>\n                        <p class=\"bold fbox_title\">Odchod<\/p>\n                        <p class=\"light thin fbox_desc\">Po pribli\u017ene 2 min\u00fatach odch\u00e1dzate<\/p>\n                    <\/div>\n\t\t\t\t\t\n                <\/div>\n            <\/div>\n        <\/section>\n\t\t<\/div>\n        <!-- How it works end -->\n\t\t\n<style>\n\n\n\n\n\n\n\n\n\n\n.hiw.macdb .fbox_step_number{\n\tbackground-image: linear-gradient(-180deg, #26bfb8 0%, #1e889b 100%);\n} \n\n\n\n\n<\/style>\n\n<style>\n@media (max-width: 768px){\n.dif-mobile-bg{\n    background-image: url(https:\/\/vazenievozidiel.sk\/wp-content\/uploads\/2018\/12\/slice-min.jpg) !important;\n}\n}\n<\/style>\n\n<style>\n.macdb .line{\n  top: 250px;\t\n}\n<\/style>\n[\/vc_column][\/vc_row][vc_row el_id=&#8221;features&#8221; el_class=&#8221;sm-tpadding&#8221;][vc_column]<!-- Start Headline Section-->\n       \n                <div class=\"section-title sm-ac p-15 mb-m10 kklji\">\n                    <p class=\"light bold small headline1\"><\/p>\n                    <h2 class=\"headline2\"><span class='thin'>Na\u0161a<\/span> v\u00e1ha<\/h2>\n                    <p class=\"light thin headline3\"><\/p>\n                <\/div>\n\n        <!-- End Headline Section -->\n\t\t\n<style>\n\n\n\n<\/style>\n[vc_empty_space height=&#8221;55px&#8221;][\/vc_column][\/vc_row][vc_row][vc_column width=&#8221;1\/4&#8243;]<!-- Start Feature Box -->\n        <section class=\"features p-0-55 jmopn\">\n\n                    <!-- Features card  -->\n\n                        <div class=\"card-features\">\n                            <img src=\"https:\/\/vazenievozidiel.sk\/wp-content\/uploads\/2019\/07\/certifikacia.png\" alt=\"icon\" class=\"jump\" style=\"animation-delay: 0s\" >\n                            <p class=\"bold title\">Certifik\u00e1cia<\/p>\n                            <p class=\"light thin desc\">Na\u0161a modern\u00e1 mostov\u00e1 v\u00e1ha sp\u013a\u0148a najpr\u00edsnej\u0161ie parametre presnosti v\u00e1\u017eenia.<\/p>\n                        <\/div>\n     \t\t\t\t\n\n        <\/section>\n        <!-- End Feature Box  -->\n\t\t\n<style>\n\n\n<\/style>\n[\/vc_column][vc_column width=&#8221;1\/4&#8243;]<!-- Start Feature Box -->\n        <section class=\"features p-0-55 nompj\">\n\n                    <!-- Features card  -->\n\n                        <div class=\"card-features\">\n                            <img src=\"https:\/\/vazenievozidiel.sk\/wp-content\/uploads\/2019\/07\/rychlost.png\" alt=\"icon\" class=\"jump\" style=\"animation-delay: 0.75s\" >\n                            <p class=\"bold title\">R\u00fdchlos\u0165<\/p>\n                            <p class=\"light thin desc\">V\u00e1\u017eenie prebehne ihne\u010f po Va\u0161om pr\u00edchode bez potreby objedn\u00e1vania a \u010dakania.<\/p>\n                        <\/div>\n     \t\t\t\t\n\n        <\/section>\n        <!-- End Feature Box  -->\n\t\t\n<style>\n\n\n<\/style>\n[\/vc_column][vc_column width=&#8221;1\/4&#8243;]<!-- Start Feature Box -->\n        <section class=\"features p-0-55 onjpm\">\n\n                    <!-- Features card  -->\n\n                        <div class=\"card-features\">\n                            <img src=\"https:\/\/vazenievozidiel.sk\/wp-content\/uploads\/2019\/07\/pohodlie.png\" alt=\"icon\" class=\"jump\" style=\"animation-delay: 1.5s\" >\n                            <p class=\"bold title\">Pohodlie<\/p>\n                            <p class=\"light thin desc\">Nach\u00e1dza sa v are\u00e1li Milex, kde je bezprobl\u00e9mov\u00fd pr\u00edstup aj pre n\u00e1kladn\u00e9 vozidl\u00e1.<\/p>\n                        <\/div>\n     \t\t\t\t\n\n        <\/section>\n        <!-- End Feature Box  -->\n\t\t\n<style>\n\n\n<\/style>\n[\/vc_column][vc_column width=&#8221;1\/4&#8243;]<!-- Start Feature Box -->\n        <section class=\"features p-0-55 pnojm\">\n\n                    <!-- Features card  -->\n\n                        <div class=\"card-features\">\n                            <img src=\"https:\/\/vazenievozidiel.sk\/wp-content\/uploads\/2019\/07\/kontrola.png\" alt=\"icon\" class=\"jump\" style=\"animation-delay: 2.25s\" >\n                            <p class=\"bold title\">Kontrola<\/p>\n                            <p class=\"light thin desc\">V\u00e1ha je v pravideln\u00fdch \u010dasov\u00fdch intervaloch udr\u017eiavan\u00e1, kontrolovan\u00e1 a kalibrovan\u00e1. <\/p>\n                        <\/div>\n     \t\t\t\t\n\n        <\/section>\n        <!-- End Feature Box  -->\n\t\t\n<style>\n\n\n<\/style>\n[\/vc_column][\/vc_row][vc_row full_width=&#8221;stretch_row_content_no_spaces&#8221;][vc_column]<!-- Start Counter Section-->\n        <div class=\"stats bg-animation p-90-60 tbusv\" >\n            <div class=\"container\">\n                <div class=\"row text-center\">\n\t\t\t\t\n                    <div class=\"col-6 col-sm-6 col-md-3 mb-30\">\n                        <i class=\"white fa fa-car-side\"><\/i>\n                        <h2 class=\"white thin numeric puls\" style=\"animation-delay: 0s\"><\/h2>\n                        <p class=\"white bold\">Osobn\u00e9 automobily<\/p>\n                    <\/div>\n\t\t\t\t\t\n\t\t\t\t\t\t\t\t\n                    <div class=\"col-6 col-sm-6 col-md-3 mb-30\">\n                        <i class=\"white fa fa fa-truck-moving\"><\/i>\n                        <h2 class=\"white thin numeric puls\" style=\"animation-delay: .75s\"><\/h2>\n                        <p class=\"white bold\">N\u00e1kladn\u00e9 automobily<\/p>\n                    <\/div>\n\t\t\t\t\n\t\t\t\t\t\t\t\t\t\n                    <div class=\"col-6 col-sm-6 col-md-3 mb-30\">\n                        <i class=\"white fa fa-tractor\"><\/i>\n                        <h2 class=\"white thin numeric puls\" style=\"animation-delay: 1.5s\"><\/h2>\n                        <p class=\"white bold\">Po\u013enohospod\u00e1rske stroje<\/p>\n                    <\/div>\n\t\t\t\t\t\n\t\t\t\t\t\t\t\t\n                    <div class=\"col-6 col-sm-6 col-md-3 mb-30\">\n                        <i class=\"white fa fa-truck-loading\"><\/i>\n                        <h2 class=\"white thin numeric puls\" style=\"animation-delay: 2.25s\"><\/h2>\n                        <p class=\"white bold\">Pr\u00edvesy<\/p>\n                    <\/div>\n\t\t\t\t\t\t\t\t\t\t\n                <\/div>\n            <\/div>\n        <\/div>\n        <!-- End Counter Section  -->\n\t\t\n<style>\n\n.stats.tbusv {\nbackground-image:url(https:\/\/vazenievozidiel.sk\/wp-content\/uploads\/2018\/12\/slice-min.jpg);\n}\n\n\n\n\n<\/style>\n[vc_empty_space height=&#8221;90px&#8221;][\/vc_column][\/vc_row][vc_row el_id=&#8221;contact&#8221;][vc_column width=&#8221;2\/3&#8243;][vc_custom_heading text=&#8221;Kontakt&#8221; el_class=&#8221;headline2&#8243;][vc_empty_space][vc_gmaps link=&#8221;#E-8_JTNDaWZyYW1lJTIwc3JjJTNEJTIyaHR0cHMlM0ElMkYlMkZ3d3cuZ29vZ2xlLmNvbSUyRm1hcHMlMkZlbWJlZCUzRnBiJTNEJTIxMW0xOCUyMTFtMTIlMjExbTMlMjExZDE0MTcyLjg4NDk1NTc5MTM1JTIxMmQxNy44MjA0MzU3NDA1ODgxMTclMjEzZDQ4Ljc0Mzk3NzE0NzAwNDI2NiUyMTJtMyUyMTFmMCUyMTJmMCUyMTNmMCUyMTNtMiUyMTFpMTAyNCUyMTJpNzY4JTIxNGYxMy4xJTIxM20zJTIxMW0yJTIxMXMweDAlMjUzQTB4MzJiODdjOTBjMTgxNzY1OCUyMTJzTUlMRVglMkJOb3YlMjVDMyUyNUE5JTJCTWVzdG8lMkJuYWQlMkJWJTI1QzMlMjVBMWhvbSUyQmEucy4lMjE1ZTAlMjEzbTIlMjExc2VuJTIxMnNzayUyMTR2MTU2MzQ1NDgyNjAwMiUyMTVtMiUyMTFzZW4lMjEyc3NrJTIyJTIwd2lkdGglM0QlMjI2MDAlMjIlMjBoZWlnaHQlM0QlMjI0NTAlMjIlMjBmcmFtZWJvcmRlciUzRCUyMjAlMjIlMjBzdHlsZSUzRCUyMmJvcmRlciUzQTAlMjIlMjBhbGxvd2Z1bGxzY3JlZW4lM0UlM0MlMkZpZnJhbWUlM0U=&#8221;][\/vc_column][vc_column width=&#8221;1\/3&#8243;][vc_empty_space height=&#8221;96px&#8221;][vc_column_text]<\/p>\n<h4>Kde n\u00e1s n\u00e1jdete?<\/h4>\n<p>V\u00e1ha sa nach\u00e1dza v are\u00e1li Milex v Novom Meste nad V\u00e1hom.<\/p>\n<h4>Otv\u00e1racia doba<\/h4>\n<p>V\u00e1ha je k dispoz\u00edcii nonstop 24\/7.[\/vc_column_text][\/vc_column][\/vc_row][vc_row el_id=&#8221;pricing&#8221;][vc_column][vc_empty_space height=&#8221;60px&#8221;]<!-- Start Headline Section-->\n       \n                <div class=\"section-title sm-ac p-15 mb-m10 jlkik\">\n                    <p class=\"light bold small headline1\"><\/p>\n                    <h2 class=\"headline2\"><span class='thin'><\/span>Cena<span class='thin'><\/span><\/h2>\n                    <p class=\"light thin headline3\"><\/p>\n                <\/div>\n\n        <!-- End Headline Section -->\n\t\t\n<style>\n\n\n\n<\/style>\n[\/vc_column][\/vc_row][vc_row][vc_column width=&#8221;1\/3&#8243;]<!-- Start Price Table -->\n        <section class=\"pricing p-55-60 crqop\">\n\n                        <div class=\"pricing-table text-center\">\n                            <div class=\"row\">\n                                <div class=\"col-12\">\n                                    <p class=\"bold price-header plan_name\">Osobn\u00e9 vozidl\u00e1<\/p>\n                                <\/div>\n                                <div class=\"col-12\">\n                                    <p class=\"light thin plan_desc\">\n                                       do 3,5 tony\n                                    <\/p>\n                                <\/div>\n                                <div class=\"col-12\">\n                                    <p class=\"bold price plan_price\"><span>7,90\u20ac<\/span><\/p>\n                                <\/div>\n                                <div class=\"col-12\">\n\t\t\t\t\t\t\t\t\t  \n\t\t\t\t\t\t\t\t\t\n                                <\/div>\n                                <div class=\"col-12\">\t\t\t\t\t\t<a href=\"\" class=\"button bg-color-2\"><i class=\"\"><\/i> <\/a>\n                                <\/div>\n                            <\/div>\n                        <\/div>\n\n        <\/section>\n        <!-- End Price Table  -->\n\t\t\n<style>\n\n\n\n\n\n\n\n<\/style>\n[vc_empty_space][\/vc_column][vc_column width=&#8221;1\/3&#8243;]<!-- Start Price Table -->\n        <section class=\"pricing p-55-60 ocqpr\">\n\n                        <div class=\"pricing-table text-center\">\n                            <div class=\"row\">\n                                <div class=\"col-12\">\n                                    <p class=\"bold price-header plan_name\">N\u00e1kladn\u00e9 vozidl\u00e1<\/p>\n                                <\/div>\n                                <div class=\"col-12\">\n                                    <p class=\"light thin plan_desc\">\n                                       do 7,5 tony\n                                    <\/p>\n                                <\/div>\n                                <div class=\"col-12\">\n                                    <p class=\"bold price plan_price\"><span>8,90\u20ac<\/span><\/p>\n                                <\/div>\n                                <div class=\"col-12\">\n\t\t\t\t\t\t\t\t\t  \n\t\t\t\t\t\t\t\t\t\n                                <\/div>\n                                <div class=\"col-12\">\t\t\t\t\t\t<a href=\"\" class=\"button bg-color-2\"><i class=\"\"><\/i> <\/a>\n                                <\/div>\n                            <\/div>\n                        <\/div>\n\n        <\/section>\n        <!-- End Price Table  -->\n\t\t\n<style>\n\n\n\n\n\n\n\n.pricing.ocqpr .bg-color-2{\n    background-image: linear-gradient(-180deg, #58f04d 0%, #3ebb1f 100%);\n}\n\n<\/style>\n[vc_empty_space][\/vc_column][vc_column width=&#8221;1\/3&#8243;]<!-- Start Price Table -->\n        <section class=\"pricing p-55-60 corqp\">\n\n                        <div class=\"pricing-table text-center\">\n                            <div class=\"row\">\n                                <div class=\"col-12\">\n                                    <p class=\"bold price-header plan_name\">Kami\u00f3ny<\/p>\n                                <\/div>\n                                <div class=\"col-12\">\n                                    <p class=\"light thin plan_desc\">\n                                       nad 7,5 tony\n                                    <\/p>\n                                <\/div>\n                                <div class=\"col-12\">\n                                    <p class=\"bold price plan_price\"><span>14,90\u20ac<\/span><\/p>\n                                <\/div>\n                                <div class=\"col-12\">\n\t\t\t\t\t\t\t\t\t  \n\t\t\t\t\t\t\t\t\t\n                                <\/div>\n                                <div class=\"col-12\">\t\t\t\t\t\t<a href=\"\" class=\"button bg-color-2\"><i class=\"\"><\/i> <\/a>\n                                <\/div>\n                            <\/div>\n                        <\/div>\n\n        <\/section>\n        <!-- End Price Table  -->\n\t\t\n<style>\n\n\n\n\n\n\n\n<\/style>\n[vc_empty_space][\/vc_column][\/vc_row]<\/p>\n","protected":false},"excerpt":{"rendered":"<p>[vc_row full_width=&#8221;stretch_row_content_no_spaces&#8221; css=&#8221;.vc_custom_1545214084079{background-position: center !important;background-repeat: no-repeat !important;background-size: contain !important;}&#8221; el_id=&#8221;home&#8221;][vc_column][\/vc_column][\/vc_row][vc_row el_id=&#8221;features&#8221; el_class=&#8221;sm-tpadding&#8221;][vc_column][vc_empty_space height=&#8221;55px&#8221;][\/vc_column][\/vc_row][vc_row][vc_column width=&#8221;1\/4&#8243;][\/vc_column][vc_column width=&#8221;1\/4&#8243;][\/vc_column][vc_column width=&#8221;1\/4&#8243;][\/vc_column][vc_column width=&#8221;1\/4&#8243;][\/vc_column][\/vc_row][vc_row full_width=&#8221;stretch_row_content_no_spaces&#8221;][vc_column][vc_empty_space height=&#8221;90px&#8221;][\/vc_column][\/vc_row][vc_row el_id=&#8221;contact&#8221;][vc_column width=&#8221;2\/3&#8243;][vc_custom_heading text=&#8221;Kontakt&#8221; el_class=&#8221;headline2&#8243;][vc_empty_space][vc_gmaps link=&#8221;#E-8_JTNDaWZyYW1lJTIwc3JjJTNEJTIyaHR0cHMlM0ElMkYlMkZ3d3cuZ29vZ2xlLmNvbSUyRm1hcHMlMkZlbWJlZCUzRnBiJTNEJTIxMW0xOCUyMTFtMTIlMjExbTMlMjExZDE0MTcyLjg4NDk1NTc5MTM1JTIxMmQxNy44MjA0MzU3NDA1ODgxMTclMjEzZDQ4Ljc0Mzk3NzE0NzAwNDI2NiUyMTJtMyUyMTFmMCUyMTJmMCUyMTNmMCUyMTNtMiUyMTFpMTAyNCUyMTJpNzY4JTIxNGYxMy4xJTIxM20zJTIxMW0yJTIxMXMweDAlMjUzQTB4MzJiODdjOTBjMTgxNzY1OCUyMTJzTUlMRVglMkJOb3YlMjVDMyUyNUE5JTJCTWVzdG8lMkJuYWQlMkJWJTI1QzMlMjVBMWhvbSUyQmEucy4lMjE1ZTAlMjEzbTIlMjExc2VuJTIxMnNzayUyMTR2MTU2MzQ1NDgyNjAwMiUyMTVtMiUyMTFzZW4lMjEyc3NrJTIyJTIwd2lkdGglM0QlMjI2MDAlMjIlMjBoZWlnaHQlM0QlMjI0NTAlMjIlMjBmcmFtZWJvcmRlciUzRCUyMjAlMjIlMjBzdHlsZSUzRCUyMmJvcmRlciUzQTAlMjIlMjBhbGxvd2Z1bGxzY3JlZW4lM0UlM0MlMkZpZnJhbWUlM0U=&#8221;][\/vc_column][vc_column width=&#8221;1\/3&#8243;][vc_empty_space height=&#8221;96px&#8221;][vc_column_text] Kde n\u00e1s n\u00e1jdete? V\u00e1ha sa nach\u00e1dza v are\u00e1li Milex v Novom Meste nad V\u00e1hom. Otv\u00e1racia doba V\u00e1ha je k dispoz\u00edcii nonstop 24\/7.[\/vc_column_text][\/vc_column][\/vc_row][vc_row el_id=&#8221;pricing&#8221;][vc_column][vc_empty_space height=&#8221;60px&#8221;][\/vc_column][\/vc_row][vc_row][vc_column width=&#8221;1\/3&#8243;][vc_empty_space][\/vc_column][vc_column width=&#8221;1\/3&#8243;][vc_empty_space][\/vc_column][vc_column width=&#8221;1\/3&#8243;][vc_empty_space][\/vc_column][\/vc_row]<\/p>\n","protected":false},"author":1,"featured_media":0,"parent":0,"menu_order":0,"comment_status":"closed","ping_status":"closed","template":"page-vc.php","meta":[],"aioseo_notices":[],"_links":{"self":[{"href":"https:\/\/vazenievozidiel.sk\/index.php\/wp-json\/wp\/v2\/pages\/71"}],"collection":[{"href":"https:\/\/vazenievozidiel.sk\/index.php\/wp-json\/wp\/v2\/pages"}],"about":[{"href":"https:\/\/vazenievozidiel.sk\/index.php\/wp-json\/wp\/v2\/types\/page"}],"author":[{"embeddable":true,"href":"https:\/\/vazenievozidiel.sk\/index.php\/wp-json\/wp\/v2\/users\/1"}],"replies":[{"embeddable":true,"href":"https:\/\/vazenievozidiel.sk\/index.php\/wp-json\/wp\/v2\/comments?post=71"}],"version-history":[{"count":57,"href":"https:\/\/vazenievozidiel.sk\/index.php\/wp-json\/wp\/v2\/pages\/71\/revisions"}],"predecessor-version":[{"id":415,"href":"https:\/\/vazenievozidiel.sk\/index.php\/wp-json\/wp\/v2\/pages\/71\/revisions\/415"}],"wp:attachment":[{"href":"https:\/\/vazenievozidiel.sk\/index.php\/wp-json\/wp\/v2\/media?parent=71"}],"curies":[{"name":"wp","href":"https:\/\/api.w.org\/{rel}","templated":true}]}}